{"id":2,"date":"2026-04-14T10:19:40","date_gmt":"2026-04-14T10:19:40","guid":{"rendered":"https:\/\/psihoterapie-psihanalitica-brasov.ro\/pps\/?page_id=2"},"modified":"2026-04-14T12:15:18","modified_gmt":"2026-04-14T12:15:18","slug":"sample-page","status":"publish","type":"page","link":"https:\/\/psihoterapie-psihanalitica-brasov.ro\/pps\/sample-page\/","title":{"rendered":"Psihanalisti celebri"},"content":{"rendered":"\n<ul class=\"wp-block-list\">\n<li>Sigmund Freud \u2013 fondatorul psihanalizei, pionier \u00een studiul incon\u0219tientului, a formulat teoriile despre pulsiuni, mecanisme de ap\u0103rare \u0219i structura aparatului psihic<\/li>\n\n\n\n<li>Sabina Spielrein \u2013 psihanalist\u0103 timpurie, cu contribu\u021bii importante privind pulsionalitatea, distrugerea ca factor al dezvolt\u0103rii \u0219i dinamica rela\u021biilor afective; a influen\u021bat at\u00e2t g\u00e2ndirea freudian\u0103, c\u00e2t \u0219i pe cea jungian\u0103<\/li>\n\n\n\n<li>Sandor Ferenczi \u2013 colaborator apropiat al lui Freud;<strong>\u00a0a adus o viziune mai empatic\u0103 asupra rela\u021biei terapeutice \u0219i a lucrat profund cu tema traumei \u0219i a regresiei \u00een analiz\u0103.<\/strong><\/li>\n\n\n\n<li>Carl Jung \u2013 psihanalist elve\u021bian; a introdus conceptele de incon\u0219tient colectiv, arhetipuri \u0219i procesul de individuare, dezvolt\u00e2nd propria direc\u021bie: psihologia analitic\u0103<\/li>\n\n\n\n<li>Otto Fenichel \u2013\u00a0<strong>promotor important al psihanalizei clasice \u00een spa\u021biul european \u0219i american; cunoscut pentru contribu\u021biile sale teoretice privind pulsiunile \u0219i mecanismele de ap\u0103rare<\/strong><\/li>\n\n\n\n<li>Melanie Klein \u2013 fondatoare a psihanalizei copilului \u0219i a teoriei rela\u021biilor de obiect; a descris pozi\u021biile paranoid-schizoid\u0103 \u0219i depresiv\u0103 \u00een dezvoltarea timpurie<\/li>\n\n\n\n<li>Anna Freud \u2013 a sistematizat teoria mecanismelor de ap\u0103rare \u0219i a dezvoltat psihanaliza copilului, pun\u00e2nd accent pe func\u021biile Eului.<\/li>\n\n\n\n<li>Karen Horney \u2013 a integrat dimensiunea cultural\u0103 \u0219i rela\u021bional\u0103 \u00een \u00een\u021belegerea nevrozei;\u00a0<strong>a criticat viziunea clasic\u0103 asupra feminit\u0103\u021bii \u0219i a pus accent pe nevoia de siguran\u021b\u0103 \u0219i rela\u021bie \u00een dezvoltarea uman\u0103<\/strong><\/li>\n\n\n\n<li>Ernest Jones \u2013 figur\u0103-cheie \u00een dezvoltarea institu\u021bional\u0103 a psihanalizei, a avut un rol decisiv \u00een consolidarea mi\u0219c\u0103rii freudiene \u0219i \u00een transmiterea teoriei psihanalitice \u00een spa\u021biul anglofon, inclusiv prin lucr\u0103ri istorice de referin\u021b\u0103.<\/li>\n\n\n\n<li>Harry Stack Sullivan \u2013 a propus o teorie a personalit\u0103\u021bii construit\u0103 \u00een jurul proceselor de interac\u021biune uman\u0103, demonstr\u00e2nd relevan\u021ba rela\u021biilor concrete pentru formarea sinelui.<\/li>\n\n\n\n<li>Donald Winnicott \u2013 pediatru \u0219i psihanalist britanic, cu o vast\u0103 experien\u021b\u0103 clinic\u0103 direct\u0103, a formulat concepte despre organizarea timpurie a eului pornind de la observa\u021bia rela\u021biei mam\u0103\u2013copil \u0219i din lucrul cu tulbur\u0103ri severe ale dezvolt\u0103rii, influen\u021b\u00e2nd profund psihanaliza copilului \u0219i clinica modern\u0103.<\/li>\n\n\n\n<li>Michael Balint \u2013 a dezvoltat conceptul de \u201edefect de baz\u0103\u201d \u0219i a creat grupurile Balint, contribuind la \u00een\u021belegerea dimensiunii rela\u021bionale a procesului de vindecare<\/li>\n\n\n\n<li>Wilfred Bion \u2013 a dezvoltat no\u021biunea de \u201ccon\u021binut-con\u021bin\u0103tor\u201d, teoria g\u00e2ndirii \u0219i a func\u021biei alfa; a aprofundat \u00een\u021belegerea proceselor psihotice \u0219i a dinamicii emo\u021bionale profunde<\/li>\n\n\n\n<li>Jacques Lacan \u2013 teoretician francez; a reinterpretat psihanaliza prin prisma limbajului, a incon\u0219tientului structurat ca un limbaj \u0219i a registrelor Real, Imaginar \u0219i Simbolic<\/li>\n\n\n\n<li>Otto Kernberg &#8211; renumit pentru munca sa de pionierat \u00een psihanaliz\u0103, \u00een special pentru teoriile privind organizarea personalit\u0103\u021bii borderline \u0219i patologia narcisic\u0103; este o figur\u0103 de frunte \u00een \u00een\u021belegerea modului \u00een care \u201edivizarea\u201d, difuzia identit\u0103\u021bii \u0219i ap\u0103r\u0103rile primitive modeleaz\u0103 personalitatea<\/li>\n\n\n\n<li>Heinz Kohut \u2013 fondator al psihologiei Sinelui; a pus accent pe dezvoltarea narcisic\u0103 a oamenilor \u0219i a adus \u00een prim-plan ca instrument terapeutic empatia<\/li>\n\n\n\n<li>Christopher Bollas \u2013 descrie o abordare psihanalitic\u0103 radical\u0103 \u00een tratarea pacien\u021bilor afla\u021bi \u00een pragul unei c\u0103deri psihice, sus\u021bin\u00e2nd c\u0103 o c\u0103dere psihic\u0103 poate deveni o \u201edescoperire\u201d transformatoare dac\u0103 este \u201eprins\u0103\u201d \u0219i tratat\u0103 printr-o psihanaliz\u0103 intensiv\u0103.\u00a0<\/li>\n\n\n\n<li>Thomas H. Ogden \u2013 a ad\u0103ugat pozi\u021bia autist-contigu\u0103 (prima pozi\u021bie a dezvolt\u0103rii umane, anterioar\u0103 simboliz\u0103rii) \u0219i a formulat conceptul de\u00a0<em>al treilea analitic<\/em>, un c\u00e2mp psihic co-creat de perechea analitic\u0103.<\/li>\n<\/ul>\n\n\n\n<p><\/p>\n","protected":false},"excerpt":{"rendered":"","protected":false},"author":1,"featured_media":0,"parent":0,"menu_order":1,"comment_status":"closed","ping_status":"open","template":"","meta":{"pagelayer_contact_templates":[],"_pagelayer_content":"","footnotes":""},"class_list":["post-2","page","type-page","status-publish","hentry"],"_links":{"self":[{"href":"https:\/\/psihoterapie-psihanalitica-brasov.ro\/pps\/wp-json\/wp\/v2\/pages\/2","targetHints":{"allow":["GET"]}}],"collection":[{"href":"https:\/\/psihoterapie-psihanalitica-brasov.ro\/pps\/wp-json\/wp\/v2\/pages"}],"about":[{"href":"https:\/\/psihoterapie-psihanalitica-brasov.ro\/pps\/wp-json\/wp\/v2\/types\/page"}],"author":[{"embeddable":true,"href":"https:\/\/psihoterapie-psihanalitica-brasov.ro\/pps\/wp-json\/wp\/v2\/users\/1"}],"replies":[{"embeddable":true,"href":"https:\/\/psihoterapie-psihanalitica-brasov.ro\/pps\/wp-json\/wp\/v2\/comments?post=2"}],"version-history":[{"count":4,"href":"https:\/\/psihoterapie-psihanalitica-brasov.ro\/pps\/wp-json\/wp\/v2\/pages\/2\/revisions"}],"predecessor-version":[{"id":36,"href":"https:\/\/psihoterapie-psihanalitica-brasov.ro\/pps\/wp-json\/wp\/v2\/pages\/2\/revisions\/36"}],"wp:attachment":[{"href":"https:\/\/psihoterapie-psihanalitica-brasov.ro\/pps\/wp-json\/wp\/v2\/media?parent=2"}],"curies":[{"name":"wp","href":"https:\/\/api.w.org\/{rel}","templated":true}]}}